Let c = f - 13. What are the prime factors of 11*((-24)/4)/c?
2, 11
Let o(u) = 26*u + 23. List the prime factors of o(5).
3, 17
Suppose 7*n - 18*n = -66. Let v be -2 - -13*(0 + 1). Suppose -v = -n*d + 5*d. What are the prime factors of d?
11
Let a = 57 + -47. What are the prime factors of -707*1*a/(-35)?
2, 101
Let u = 2198 - 884. List the prime factors of u.
2, 3, 73
Suppose 82 = 3*p - 71. Suppose 0 = 2*c - l - 131, -p = 3*c + l - 260. List the prime factors of c.
2, 17
Suppose -3*c + 2*p + 882 = 0, p + 402 - 1293 = -3*c. What are the prime factors of c?
2, 37
Suppose 16038 = 8*b + 3886. List the prime factors of b.
7, 31
Let c(u) = 2*u**3 + 10*u**2 + 7*u + 3. Let m be c(-4). List the prime factors of (-18)/(-63) + 670/m.
2, 3
List the prime factors of (-4)/(-14) - (-5862)/14.
419
Let c(f) = f**3 - 3*f**2 - 3*f - 2. Let o be c(-2). Let m = -108 + 97. Let d = m - o. What are the prime factors of d?
5
Suppose -7*g + 12*g = -15. Let p be g/2*(-36)/27. Suppose 11 = p*l - 35. List the prime factors of l.
23
Suppose -18*v = -7568 - 9784. What are the prime factors of v?
2, 241
List the prime factors of 6016/6 - (-20 + (-708)/(-36)).
17, 59
Suppose 0 = 7*d - 14*d + 14. Let n(k) = -30*k**3 - k - 1. Let x be n(-1). Suppose -3*w + 0*p = -p - 49, -2*p + x = d*w. List the prime factors of w.
2
Let o = 6807 - 3548. What are the prime factors of o?
3259
Let w be (-1)/4 - (-10)/8. Suppose a = -5*s - 6, a - 11*s - 2 = -8*s. List the prime factors of 3/w - 59*a.
2, 31
Suppose 2*v - 4*v = -12. Let c be v + -1*(-2 + 3). Suppose 115 + 122 = 3*x + 4*o, -c*x + 4*o + 395 = 0. What are the prime factors of x?
79
Let k(n) = -2*n + 20. Let i be k(9). Suppose -r - 2*x - 2*x = 11, -13 = i*r + 5*x. Let m(s) = 13*s + 1. List the prime factors of m(r).
2, 7
Let y(j) = 4 + 6*j + 0*j - j**2 - 2*j + 2. Let f be y(7). What are the prime factors of f/12*16/(-2)?
2, 5
List the prime factors of 13/(143/4125) + -5.
2, 5, 37
Let z(i) = -i**2 + 1. Let n(j) = j**3 - 5*j**2 + 10*j - 25. Let r(b) = n(b) + 2*z(b). What are the prime factors of r(9)?
229
Suppose 13 = -5*a + 33. What are the prime factors of (52/(-8))/((-2)/a)?
13
What are the prime factors of ((-73630)/(-8))/5 - (-93)/372?
7, 263
Let z = 6256 - 2625. What are the prime factors of z?
3631
Let t(j) = -j**3 - 35*j**2 - 50*j + 42. List the prime factors of t(-34).
2, 293
Suppose 0 = -2*x, 5*z - 2*x = 6*z - 465. List the prime factors of z.
3, 5, 31
Let m be (-20)/6*54/30. Let l(h) = -44*h - 18. List the prime factors of l(m).
2, 3, 41
Let v(s) = 1 + 0*s + 3 + 37*s. Let k be v(3). Suppose c + 4*c = k. List the prime factors of c.
23
Suppose 2*z - 263 = -3*u, z = -4*u - 3*z + 348. Let t = -56 + u. List the prime factors of t.
3, 11
Let n(k) = -95*k + 163. What are the prime factors of n(-16)?
3, 11, 17
What are the prime factors of (1 + -1391)*(-12)/30?
2, 139
Suppose -5*w + 5 = 3*u, 3*u - 2 = -3*w + 1. Suppose c - 4*c = 3*l - 48, -4*c - 3*l + 59 = u. What are the prime factors of c?
11
Suppose 24 = 4*x + 3*u, -3*u = -7*u + 16. Suppose j + 5*o = -54 + 180, -j + 118 = x*o. List the prime factors of j.
2, 53
Suppose -n - 4*n = 0. Let v be (n - -871) + (-5)/(-5). What are the prime factors of v/20 + (-6)/(-15)?
2, 11
Suppose 5*y - y = 0, 4*y = -3*j + 6. Suppose 0 = -j*n + 116 + 164. Suppose -v - 4*v + n = 0. List the prime factors of v.
2, 7
Suppose 8*t - 12 - 4 = 0. Let u(q) = -q**3 + 2 + 3*q**2 - 4*q**t + 2 + 2*q. What are the prime factors of u(-4)?
2, 11
Let t(p) = -p + 8. Let v be t(0). Let h(k) = -3*k + 30. Let d(w) = w - 10. Let y(q) = v*d(q) + 3*h(q). List the prime factors of y(6).
2
Let j(x) = 19*x**2 + 36*x + 109. List the prime factors of j(-11).
2, 503
Suppose -59*d = -55*d - 5*s - 14756, -5*d = -4*s - 18445. What are the prime factors of d?
7, 17, 31
Let c be (-78)/(-65)*(-10)/(-6). Suppose 4*w + 116 = -3*k, -3*w - k = c*k + 90. Let g = 40 + w. What are the prime factors of g?
2, 7
Let c be 2 + 5 - 6/3. Suppose -c*k + 63 + 7 = 0. Let b = k - -16. What are the prime factors of b?
2, 3, 5
Suppose -4*w + p + 23 = 0, 2*w - 16 = 3*p - p. Suppose w*x - 109 = 196. What are the prime factors of x?
61
Let u(j) = j**3 - 6*j**2 - 22*j + 5. List the prime factors of u(18).
13, 269
Let r(a) = -5 + 3*a - 42*a**2 + a + 20*a**2. Let l be r(3). Let y = -135 - l. List the prime factors of y.
2, 7
Suppose -938*u + 953*u - 3510 = 0. What are the prime factors of u?
2, 3, 13
Let a(x) = 3*x**2 - 36*x - 538. What are the prime factors of a(-14)?
2, 277
Let s(t) = 18*t + 10. Let m(f) = 9*f + 5. Let d(c) = 5*m(c) - 2*s(c). What are the prime factors of d(5)?
2, 5
Let o = -22 + 36. Let p be (-25)/(-35) - (-4)/o. List the prime factors of 34 + -11 - 2*p.
3, 7
Let y(f) be the first derivative of -f**3/3 + 12*f**2 - 24*f - 27. List the prime factors of y(18).
2, 3, 7
Suppose 3*w - 5*a - 31 = 0, 5*w + 4*a + 11 - 1 = 0. Suppose 0*f + w*c - 149 = -f, -5*f - 4*c + 769 = 0. List the prime factors of f.
157
List the prime factors of (6/(-45) - 199644/(-180))/1.
1109
Let h(p) = 17*p**2 - 1. Let j(w) = 2*w**2 + 4*w + 6. Let v be j(-3). Let o = 13 - v. What are the prime factors of h(o)?
2
Suppose 0*a + a = 0. Let u = a + 79. List the prime factors of u.
79
Suppose -101 = -4*l - 2*r + 27, 0 = 3*l + r - 97. Let k(c) = 2*c**2 + c - 8. Let g be k(6). Let h = g - l. List the prime factors of h.
37
Suppose -w + 0 + 2 = 0. Suppose 0 = -w*f - 2. List the prime factors of ((-20)/16)/(f/36).
3, 5
List the prime factors of 4 + 13556/28 - 12/(-14).
3, 163
Suppose -14755 = -4*y - 3907. List the prime factors of y.
2, 3, 113
Let u(f) = f**3 + 18*f**2 + 8*f + 21. Let m(x) = x**3 + 8*x**2 + 8*x - 10. Let a be m(-7). What are the prime factors of u(a)?
2, 3, 29
Let l be -334 - (2 + 0)*9/6. Let j = l - -483. What are the prime factors of j?
2, 73
Let l(i) = 69*i**2 - 4*i + 3. List the prime factors of l(1).
2, 17
Let x(q) = 5*q**2 - 2*q + 23. Let t be x(5). Suppose -5*c + 37 = 7. Suppose o + 2*o = c, o = -4*h + t. What are the prime factors of h?
2, 17
Let q be 4/3*(-1398)/(-4). Suppose 23*j = 21*j + q. List the prime factors of j.
233
Let o = -69 + 71. Let m(u) = u**2 - 3*u. Let f be m(4). Suppose -4*c + 105 = -0*n - n, f*n = -o*c + 30. What are the prime factors of c?
5
Suppose -6*w - 132 = -2*w + 3*d, w = 3*d - 48. List the prime factors of w/27*(-18)/4.
2, 3
Let y = 745 - 286. What are the prime factors of y?
3, 17
Let p = -5783 - -9761. What are the prime factors of p?
2, 3, 13, 17
Let f(v) = -33*v**3 - v**2 - 2*v - 1. Suppose -4*i + 14 = s + i, 5 = s + 2*i. List the prime factors of f(s).
3, 11
Let y(b) = -b**2 + 46*b - 36. What are the prime factors of y(21)?
3, 163
Let y(d) = -d**3 - 4*d**2 + 3*d - 9. Let i be y(-4). Let u = i + 179. What are the prime factors of u?
2, 79
Let h(y) = -y**3 - 2*y**2 + y - 2. Suppose -2*n - 3*n = -25. Suppose -g - 9 = n*i + 7, 11 = -5*i + 4*g. List the prime factors of h(i).
2
Suppose -4*x = x - 25, 3*l + 4*x = 80. List the prime factors of l.
2, 5
Let z = 3 + -3. Suppose -a - 1 + 4 = z. Let b(x) = 6*x + 1. What are the prime factors of b(a)?
19
Let a(k) be the first derivative of k**3/3 + 4*k**2 + 9*k + 6. What are the prime factors of a(-15)?
2, 3, 19
Suppose 5*p - 1163 = 6957. List the prime factors of p.
2, 7, 29
Let x(c) = -c**2 + 7*c - 3. Let u be x(7). Let g(z) = -4*z**2 - 3*z - 2*z**2 + 3*z**2 - z**2 - 2*z**3. List the prime factors of g(u).
3
Let c(v) = -v**3 - 11*v**2 - 10*v + 3. Let y be c(-10). Suppose -y = 2*u - 9. Suppose -5*i - 5 = 0, -3*s = -s + u*i - 129. List the prime factors of s.
2, 3, 11
Let s(f) = -58*f**3 - 6*f**2 - 4*f - 6. List the prime factors of s(-2).
2, 13, 17
Let w(z) = z**3 - 3*z**2 - 2*z + 7. Suppose 0 = -4*a + 3*p - 3, 0 = 4*a - p - 4 - 3. Let i be w(a). List the prime factors of -1 + (i - -3) - -28.
31
Suppose y + 69 = 4*y. Let v = y - 15. Suppose -v*k + 3*k = -245. What are the prime factors of k?
7
Let k be ((-22)/6)/((-1)/(-3)). Let r(d) = -41*d - 96. Let i be r(-3). Let a = k + i. List the prime factors of a.
2
Suppose 0*j - 5*j = 0. Suppose -4*q + 9*q = -3*g + 184, g + 2 = j. What are the prime factors of q?
2, 19
Let k(i) = -i**3 + 3*i**2 + 12*i - 12. Let n be k(5). What are the prime factors of n/(((-4)/51)/4)?
2, 3, 17
Let k be (-8)/(-3)*(0 - 3). Let o(y) = -5*y - 2. What are the pri